?
5
Let x = -3262 + 3456. What is the tens digit of x?
9
Suppose -4*o = 5*l - 58768, -175*l = 3*o - 172*l - 44076. What is the hundreds digit of o?
6
Let p(l) = l**3 - l**2 - 7*l - 13. Let w be p(4). Suppose -w*d = -8*d + 795. What is the tens digit of d?
9
Let a(f) be the third derivative of -f**5/60 + f**4/8 + f**3/3 - 6*f**2. Let j be a(0). Suppose 0 = 3*y - j*y - 24. What is the tens digit of y?
2
What is the ten thousands digit of (-1)/2*151*3/(81/(-19818))?
5
Suppose 20 - 5 = 3*p - 3*q, 3*q = -2*p + 15. Let y(d) = -23*d + 329. What is the tens digit of y(p)?
9
Suppose -3*n = -5*g - 6086, -n - 4*g = -9*g - 2042. Suppose 9*d - 12*d - n = -4*w, -3*w + 2*d + 1516 = 0. What is the tens digit of w?
0
Suppose 4*l - 23 + 15 = 0, -i = 4*l + 286. Let k = i + 510. What is the tens digit of k?
1
Let i(p) = -2*p**2 - 103*p + 25. Let k be i(17). What is the tens digit of (-3)/2*k/108?
3
Let q = -244 + 229. What is the hundreds digit of 0 + -3 - (-1005 - (q + 12))?
9
Let p = 2850 - -4552. What is the hundreds digit of p?
4
Suppose -3*x - 957*q + 958*q = -43720, 0 = 2*q + 8. What is the tens digit of x?
7
Suppose 12*p = 3*p + p. Suppose -18 = -p*k - 3*k. Suppose 0 = -18*h + k*h + 1164. What is the units digit of h?
7
Let x(t) = 136*t**2 - 61*t - 20. What is the thousands digit of x(4)?
1
Let r = -274 - -419. Let q = r + -70. What is the tens digit of q?
7
Let f be ((-14)/21)/(3/(-198)). Let j = f + -44. Suppose -477 = -j*q - 5*q + s, 3*q - 5*s = 295. What is the units digit of q?
5
What is the units digit of (2/30 - (-11)/(-15))/((-2)/29136)?
2
Let k = 31816 + 2155. What is the ten thousands digit of k?
3
Suppose 4*o = -107 - 173. Let w be (o - 3)/((-1)/6). Suppose -2*i = i - w. What is the hundreds digit of i?
1
Suppose 0 = 18*x - 26*x + 20952. Suppose -x - 7305 = -12*i. What is the tens digit of i?
2
Suppose -2*z = 98*s - 103*s - 1633, 3*z = -2*s + 2402. What is the tens digit of z?
0
Let j = -79 - -85. What is the units digit of (-71)/2*(0 + -1)*j?
3
Let p(m) = -3*m**3 + 20*m**2 + 7*m + 3. Let s be p(7). Suppose 2*r + 2*d - 394 = 0, -s*r + 4*d = -2*r - 177. What is the units digit of r?
3
Suppose -3*g + 26 = 47, 4*g + 30394 = 3*k. What is the tens digit of k?
2
Let f = 479 - 485. What is the tens digit of (-4029)/f*(2 - 10)/(-4)?
4
Let c be (178 - 57)/(1/(-1007)). What is the units digit of ((-2)/(-5) - 0) + c/(-95)?
3
Let n be -5*((4 - 8) + 3). Suppose -462 - 2718 = -n*y. Suppose 3*k - 6*k + y = 0. What is the units digit of k?
2
Let g = -31 - -28. Let q be (-2*g/(-2))/(18/(-24)). Suppose q*h - 62 = 2*h. What is the units digit of h?
1
Suppose 0 = 261*n - 156*n - 371280. What is the tens digit of n?
3
Let h(y) = -541*y - 19405. What is the units digit of h(-81)?
6
Let g = -111 + 65. Suppose 20*c = 17*c + 117. Let n = c - g. What is the units digit of n?
5
Let n(q) = -399*q - 2601. What is the ten thousands digit of n(-39)?
1
Let q(o) = -135*o**2 + 36*o - 1. Let w be q(2). Let t = 379 - w. What is the units digit of t?
8
Let f be 6/(-8) - (159/12 - 5). Let z be 18/5 - f/(90/4). Suppose 12 = z*b, -3*n - n + 2*b = -730. What is the hundreds digit of n?
1
Suppose -4*o - 4238 - 14250 = -4*y, -4*y + 18482 = -2*o. What is the thousands digit of y?
4
Suppose -3*f - 39 = -16*f. Suppose 470 + 820 = f*m. What is the units digit of m?
0
Suppose -114 = 3*w + v + 2*v, -2*w = 5*v + 85. Let c(m) = -m**2 - 46*m + 88. What is the tens digit of c(w)?
7
Let c = -90592 - -152220. What is the units digit of c?
8
What is the units digit of 577692/243*((-155)/(-90) + (-2)/9)?
6
Let r be (-76436)/(-8) + (6 - 0)/(-12). Suppose -r = 28*u - 45*u. What is the hundreds digit of u?
5
Suppose -8*o + 24*o - 49511 - 90137 = 0. What is the tens digit of o?
2
Let r(s) be the third derivative of -s**6/120 - 7*s**5/20 + 5*s**4/4 + 17*s**3/3 + 2*s**2 + 28*s. What is the hundreds digit of r(-23)?
4
Let k(h) be the second derivative of -327*h**5/20 - h**4/12 + h**3/2 + h**2 + h - 7. What is the units digit of k(-1)?
5
Suppose 0 = 12458*j - 12480*j + 847396. What is the thousands digit of j?
8
Suppose 0 = -2*f + 4*y - 216, 3*f + y + 54 = -277. Let d(u) = -23*u + 186. Let k be d(14). Let t = f - k. What is the units digit of t?
6
Suppose 15 = -3*v, 86*g + 2*v = 90*g - 20634. What is the tens digit of g?
5
Let q(h) = 27622*h**2 - 316*h - 316. What is the hundreds digit of q(-1)?
6
Let w be (2614/(-6))/((-4)/12). Suppose 6*v - w = 2749. What is the tens digit of v?
7
Let i(o) = -387*o + 132. Let l be i(-6). Suppose 4*p = 2*z - 1230, 33*z = 37*z - 2*p - l. What is the units digit of z?
3
What is the units digit of (0/11 - -12564) + (-1)/((-3)/15)?
9
Let g be (-3478)/18 - (2/9)/(-1). Let a = -111 - g. What is the tens digit of a?
8
Let g = -248 - -250. What is the tens digit of (3 + 85/(-50)*g)*-240?
9
Let i = -556 + 1918. What is the hundreds digit of i?
3
Let a = 339 - 218. Let r = a - 110. Let w(j) = -j**3 + 11*j**2 + 7*j + 2. What is the units digit of w(r)?
9
Let n(t) be the first derivative of 7*t**3/3 + 3*t**2 - 9*t - 2. Let k = 9 - 7. What is the units digit of n(k)?
1
Let y(x) = 9*x**2 - 45*x + 378. What is the tens digit of y(26)?
9
Suppose -14*i + i + 18837 = 0. Let u = -814 + i. What is the units digit of u?
5
Let i(h) = 3*h**3 + 16*h**2 - 16*h - 29. Let l(w) = w**2 - 2*w + 1. Let f(g) = -i(g) + 5*l(g). What is the hundreds digit of f(-8)?
8
Let y be 1 - 0 - (-1 + 3). Let u be -10*1*(-3)/(-6)*y. Suppose u*p = 6*p - 94. What is the tens digit of p?
9
Let f(y) = 542*y + 744. What is the thousands digit of f(7)?
4
Suppose 8*v + 31 - 15 = 0. What is the tens digit of (v/(-4))/(10/(-6640)*-1)?
3
Suppose -625 = -2*a + 5*z, -2*a + 2*z = -46 - 594. Let o = a - 213. What is the tens digit of o?
1
What is the ten thousands digit of 1201845/19 + 0*1*(-5)/(-5)?
6
Suppose 3*w = 5*w - 5*n - 21141, 0 = 5*w + 2*n - 52925. What is the thousands digit of w?
0
Let m be 63/42*(-1 + 7/3). Suppose 1447 + 143 = m*g. What is the units digit of g?
5
Let f = 14641 + -7994. Suppose 7*a = -10*a + f. Let x = -230 + a. What is the units digit of x?
1
Suppose 4*i - 48 = 2*a, -4*a - 3*i - 1 - 51 = 0. Let l be a/(-6)*(30 + 1 + 2). Let y = l - 21. What is the tens digit of y?
6
Let n(y) = -15*y**3 + 2*y**2 - 22*y - 48. Let q(c) = -7*c**3 + c**2 - 11*c - 23. Let v(z) = 6*n(z) - 13*q(z). What is the units digit of v(8)?
7
Let n(i) = 33 - i**3 + 22*i**2 + 24 - 26 + i. What is the tens digit of n(21)?
9
Let d be 9*3*68/17. Suppose d*q - 101*q - 6111 = 0. What is the hundreds digit of q?
8
Let m(j) = -j**3 + 41*j**2 - 69*j + 31. What is the tens digit of m(37)?
5
Let y(g) = 108*g**2 + 354*g + 20. What is the thousands digit of y(-7)?
2
Let t(z) = -9*z + 64. Let o be t(7). Let s = o - -68. What is the units digit of s?
9
Let t = 195 - 193. Suppose -5*g - 1460 = -5*r, 4*r - t*g = -353 + 1517. What is the units digit of r?
0
Suppose p = 3*n - 50, -3*n + 55 = -3*p + p. Suppose w - n = 32. Suppose -2*f = 6, 4*v - w = -4*f + 5*f. What is the units digit of v?
1
Let b(w) = -17 + 5*w - 17 - 1 + 31*w + 18*w. What is the hundreds digit of b(9)?
4
Suppose 0 = -17*r + 14*r. Suppose -v + 4 = a + 5, -2*a + 2*v + 10 = r. Suppose a*f = 318 - 122. What is the tens digit of f?
9
Let u(t) be the first derivative of -137*t**2/2 + 47*t + 129. What is the hundreds digit of u(-6)?
8
What is the thousands digit of 43656892/666 + (-1)/(-9)?
5
Let d(a) = a - 2. Let b(k) = 14*k + 6. Let q(r) = -b(r) + 2*d(r). Let m = 8 - 13. What is the units digit of q(m)?
0
Let l be 19/57 + (-10)/(-6). What is the tens digit of 734/4 + l/4?
8
Let v(u) = -1639*u + 4727. What is the ten thousands digit of v(-8)?
1
What is the thousands digit of (-8 + 2)*2*114465/(-60)?
2
Let s(a) = -a**3 + 72*a**2 + 302*a - 140. What is the hundreds digit of s(70)?
8
Let y(v) be the first derivative of v**4/4 + 13*v**3/3 - 47*v**2/2 + 7*v - 50. What is the hundreds digit of y(-9)?
7
Let i(m) = 7*m**2 + 27*m - 130. What is the tens digit of i(-13)?
0
Let q(o) be the third derivative of -131*o**6/120 + o**5/60 - o**4/12 - o**3/3 + 541*o**2. Let z(v) = -v - 7. Let b be z(-6). What is the tens digit of q(b)?
3
Let y(f) = 46861*f**3 - 12*f**2 + 11*f. Let n be y(1). What is the tens digit of n/100 - 6/10?
6
Suppose 53 = u - 2*q, 3*u + 5*q - 4*q - 152 = 0. Suppose -u*r = -47*r - 4. W